f h**6/40 + h**5/60 + h**4/12 + h**3/2 + 8*h**2. What are the prime factors of l(4)?
3, 73
Let k be (-3)/(-4)*(-84)/21. List the prime factors of (-62)/(1/(k/6)).
31
Let u = -24 - 17. Let c = u - -147. List the prime factors of c.
2, 53
Suppose -i = 5*t - 2*t - 30, -i - 10 = -t. Suppose t*o - 1183 = -3*o. What are the prime factors of o?
7, 13
Suppose 5*r - 2*r = 3*o + 192, -2 = 2*o. Let l = r - 33. List the prime factors of l.
2, 3, 5
Let m(v) = v**2 + 9*v + 9. Let t be m(8). Let l be (t + 0)*6/10. Suppose -4*g = -l - 1. List the prime factors of g.
2, 11
Suppose 5*l - 4*u = 13534 + 8284, -3*l = -5*u - 13096. What are the prime factors of l?
2, 3, 727
Let x be ((-4)/6)/(1/(3/2)). What are the prime factors of 222/11 + x*6/33?
2, 5
Suppose 2*t - k = -24 - 312, 3*k + 504 = -3*t. Let g = t - -236. List the prime factors of g.
2, 17
Let a be 58/4 + 3/(-6). Let p be (2 + 0)*21/a. Suppose -m - h = -23, -2*m + p*h + 43 = -28. List the prime factors of m.
2, 7
Suppose q - 7 = 60. Suppose 0 = v + 3*c - 13, 1 = -v - 2*c + 11. Suppose v*n - q = 9. What are the prime factors of n?
19
Suppose p = -7 + 8. Let r(a) = 68*a**2 + 2*a - 2. What are the prime factors of r(p)?
2, 17
Let k(z) = -6 - 3*z + 5*z + 8 - 4. Let a be k(5). Suppose 11*r - a*r = 150. What are the prime factors of r?
2, 5
Suppose 0 = -w - 2*f + 65, -3*f - 7 = 5. What are the prime factors of w?
73
Let o(y) = y**3 + 16*y**2 - 7*y - 12. Let f be (42 + -10)*((-6)/4 + 1). What are the prime factors of o(f)?
2, 5
Let i = -1112 + 1816. List the prime factors of i.
2, 11
Let g(b) = 4*b - 10. Let r be g(19). Suppose -173*k = -172*k - r. What are the prime factors of k?
2, 3, 11
Let c be (96/(-40))/(2/25). Let q = -11 - c. Let u = q + -14. What are the prime factors of u?
5
Let z be (3/9)/((-1)/(-9)). Let h(l) = 4 + 54*l**3 + 9*l**2 - 53*l**z + 11*l + 4. List the prime factors of h(-7).
29
Let v(j) = j**3 + 2*j + 270. Let x be v(0). Let m = x - 96. What are the prime factors of m?
2, 3, 29
Let o be 1/(4/(-1520)*-2). Let m = o - 111. What are the prime factors of m?
79
Let o = 28 - 23. Let j(r) = -4*r + 2 - 5*r**2 + 5*r + r**3 - o - 3. What are the prime factors of j(6)?
2, 3
Suppose 220 = -2*n + 4*q + 908, -4*n - 3*q = -1343. What are the prime factors of n?
2, 13
Suppose 3*n + 6*p - 42 = 2*p, -4*n - 5*p + 57 = 0. Suppose -2*t = -5*t + n. Suppose 4*b - 17 = -3*j, -5*b + 4 = -t. List the prime factors of j.
3
Let r(u) = -4*u**3 - 8*u - 19. What are the prime factors of r(-9)?
2969
Let t be (3 - 4 - -2) + -2. Let f = 13 + t. List the prime factors of f.
2, 3
Suppose -2*v + 1226 = 4*a, -2*v + 2*a + 2452 = 2*v. What are the prime factors of v?
613
Suppose 1381 = q - 2*c + 197, -4*c = 5*q - 5850. List the prime factors of q.
2, 587
Suppose -3*k - 147 = -36. Let g = -9 - k. List the prime factors of g.
2, 7
Suppose 8*k + 31*k - 43758 = 0. List the prime factors of k.
2, 3, 11, 17
Let d(l) = -2*l**3 + 32*l**2 + l - 4. Let h be d(16). Suppose 2*u - 6 = 3*r, 0 = 7*u - 3*u + 2*r - h. What are the prime factors of u?
3
What are the prime factors of (-225872)/(-190) + (-8)/10?
2, 3, 11
Let g(t) be the third derivative of t**5/60 - t**4/8 - 2*t**3 - 6*t**2. List the prime factors of g(7).
2
Let u(g) = -g**3 + 6*g**2 + 16*g + 16. Let p = -21 + 29. List the prime factors of u(p).
2
Suppose 2*g - 4*x = 1028, 5*x = 8 - 3. What are the prime factors of g?
2, 3, 43
Let c = 3 - 3. Suppose -3*b - 52 + 424 = c. Suppose 0*q + 29 = h + 2*q, 4*q - b = -4*h. List the prime factors of h.
3, 11
Let t(q) = -q**3 + 11*q**2 + 17*q - 18. What are the prime factors of t(12)?
2, 3, 7
Let c(o) = -o**3 + 9*o**2 + 11*o - 8. Let x be c(10). Suppose -x*t + 360 = t - 5*k, 4*k - 218 = -2*t. What are the prime factors of t?
5, 23
Let d(i) = i**2 + i + 1. Let k be 2 - 6 - 6/(-6). Let j be d(k). What are the prime factors of (1 - j)/((-1)/3)?
2, 3
Let y = -28 + 30. Suppose y*q = q + 40. What are the prime factors of q?
2, 5
Let q = -89 - -181. Let m = -66 + q. List the prime factors of m.
2, 13
Suppose 72 = 7*r - 61. Suppose -144 = 17*b - r*b. What are the prime factors of b?
2, 3
Suppose 0 = -5*y, w - 2*y = -4*w + 410. Let n = w + -42. Suppose -2*r - 3*v - 2*v = -49, -2*r + 4*v = -n. What are the prime factors of r?
2, 11
Let y = 903 - 424. List the prime factors of y.
479
Let n = -6609 - -10477. What are the prime factors of n?
2, 967
Suppose 0 = -3*s - 3, -u - s - 9 = -3*u. Suppose -u*d - 22 + 174 = 0. List the prime factors of d.
2, 19
Let g = 2534 - 809. List the prime factors of g.
3, 5, 23
Suppose -55 = -q + 15. Let t be ((-20)/(-8))/(50/580). Let v = q - t. List the prime factors of v.
41
Let g(y) = 6*y**2 - 16*y + 20. List the prime factors of g(14).
2, 3
Let p(k) = -k + 1. Let s be p(-4). Suppose -2*o + 41 = -3*w, 2*w - 5*w = s*o - 71. Suppose -51 + o = -5*t. What are the prime factors of t?
7
Let d(k) be the second derivative of -k**5/20 + 5*k**4/4 - 11*k**3/6 - 15*k**2/2 - 2*k. Suppose -15 = 4*z - 71. What are the prime factors of d(z)?
3
Let c(m) = m - 1. Let w(f) = -6*f - 11. Let j(b) = -c(b) - w(b). Let y be j(-4). Let o(z) = -4*z + 7. List the prime factors of o(y).
3, 13
List the prime factors of ((-435)/(-6))/((-2)/(-12)).
3, 5, 29
Let f = 2 + -7. Let x be (-2)/((-4)/(-6)) + 21 + -26. Let i = f - x. List the prime factors of i.
3
Suppose 3*u = -9, 4*z - 14 = 2*u - 0*u. Suppose 3*h = -3*d + 207, -z*h = -3*d - h + 203. List the prime factors of d.
2, 17
Let f = -5 - 1. Let r be f/(-2)*(-2)/(-3). Suppose 10 = q - r*q + 5*c, 3*c = -3*q + 60. What are the prime factors of q?
3, 5
Let b = -408 + 651. Suppose -6*q + 111 + b = 0. What are the prime factors of q?
59
Suppose 0 = 3*o - o - z - 7, 7 = 3*o + 2*z. Let s = o - 13. Let a(l) = -l**2 - 16*l - 21. List the prime factors of a(s).
3, 13
Let t(y) = y**2 - 5*y + 6. Suppose -5*k + 6 = 5*l - 24, -k + 10 = -3*l. List the prime factors of t(k).
2, 5
Suppose 3*p - 2*g - 341 = 410, 2*g + 4 = 0. What are the prime factors of p?
3, 83
List the prime factors of (-164749)/(-184) - 10/(-16).
2, 7
Suppose -2*t - l + 0*l = -5, 5*l - 5 = -5*t. Suppose 5*q - 7*q = -t. Suppose 3*x = -q*x + 20. What are the prime factors of x?
2
Let g be (-5 + 1)*(-8)/2. Let b = g + -12. Suppose 3*m - b*m = -12. What are the prime factors of m?
2, 3
Let d(u) = 80*u**2 - 3*u - 4. Let n be (-58)/87 - 1/3. What are the prime factors of d(n)?
79
Let c(g) be the second derivative of -4*g**2 + 3*g**2 - 16*g - g**3 + 26*g. List the prime factors of c(-7).
2, 5
Let l(z) = 2*z**2 + 87*z + 219. What are the prime factors of l(-61)?
2, 11, 107
Let s(d) = 10*d + d + 5 - 2. What are the prime factors of s(2)?
5
Let a be (-2 + 1)*(56 - 3 - -3). Let l = 11 - a. List the prime factors of l.
67
Let b = 163 - 86. Let c = b - -41. What are the prime factors of c?
2, 59
Suppose 0*z + 3*z - 9 = 0. Suppose 0 = 2*n - n + p - 31, -85 = -z*n + p. Let y = -3 + n. List the prime factors of y.
2, 13
Let g(h) = 5*h**2 + 11*h - 41. What are the prime factors of g(-17)?
1217
Let y(u) = -u**3 - u**2 + 1. Let m be y(-2). Suppose 17 = -m*p + 57. Let n(k) = 7*k - 20. List the prime factors of n(p).
2, 3
Let r = 14 - 6. Suppose -r = -o + 2. What are the prime factors of (26/(-10))/((-2)/o)?
13
Suppose -11*b + 9 + 90 = 0. List the prime factors of b.
3
Let g = -52 + 57. Suppose 5*n - 91 = 2*a - 283, 0 = -5*a - g*n + 445. What are the prime factors of a?
7, 13
Suppose -t = 3*t - 4. Let x be t*10/(2/1). Suppose x*w - 142 = -27. What are the prime factors of w?
23
Suppose 4*k = -2 + 6. Let t = 3 + k. Suppose -d + t*d = 108. List the prime factors of d.
2, 3
List the prime factors of (-4)/(2*(-2)/3) + 333.
2, 3, 7
Let w(d) = -15*d + 26. Let j be w(4). Let p = -20 - j. What are the prime factors of p?
2, 7
Suppose n - 14275 = -4*s, s = -s + n + 7133. List the prime factors of s.
2, 223
What are the prime factors of (-8)/(-20) + 32396/35?
2, 463
Suppose 18 = -4*c - 302. Let o = -25 - c. What are the prime factors of o?
5, 11
Suppose 4*c + 188 = -3*a, a - 4 = 2*a. What are the prime factors of (-1782)/c*(0 - -2)?
3
List the prime factors of -4*477/(-24)*38.
3, 19, 53
Suppose 0 = 2*l + 14 - 10. Let z(i) be the first derivative of -9*i**2 - i + 1. What are the prime factors of z(l)?
5, 7
Suppose -44*v + 15 = -39*v. Let b = -11 + 7. What are the prime fac